List the prime factors of w.
2, 5, 7, 23
Let n be (1899 - -3)*-1*(3 - 1). Let t be 8/28 - n/14. Suppose 4*f + t = 4*i, 4*i + 2*f - 256 = 40. What are the prime factors of i?
2, 3
Let q(i) = -14*i**2 - 16*i - 14*i**2 - 18*i**2 + 44 + 47*i**2. Let c be q(13). Suppose c*t - 58 = 67. List the prime factors of t.
5
Suppose 2*j + 18 = 0, 896*s - 895*s + 2*j - 44030 = 0. List the prime factors of s.
2, 2753
Let w(k) = -8*k**2 + 8*k + 1. Let s be w(-8). Let x = s - -833. What are the prime factors of x?
2, 3, 43
Let x(r) = 77*r + 140. Let n(o) = -32*o - 58. Let c be n(-2). What are the prime factors of x(c)?
2, 7, 43
Suppose -2*j - 18*o + 3328 = -16*o, -6*j - 5*o + 9988 = 0. What are the prime factors of j?
2, 3, 139
What are the prime factors of -16 - (-31 + 8) - 5*-1445?
2, 113
Suppose 24 = f - 0*f. Suppose -f = b - 91. Suppose 271 - b = 2*n. What are the prime factors of n?
2, 3, 17
Suppose -2*i + 141 = -259. Suppose -2*r = -2*u + 456, 4*u + 5*r = i + 730. What are the prime factors of u?
2, 5, 23
Let b(g) = 19*g**3 - 3*g**2 + g + 1. Let x be b(1). Let t = x - 14. Suppose -248 = -t*f + i, f = 6*f - 4*i - 299. What are the prime factors of f?
3, 7
Let c(m) = -27*m**3 + 3*m**2 + m - 17. Let q be c(-3). Let x = q + -214. What are the prime factors of x?
2, 3, 29
Let x be 40/(-70) - (-100)/28. Let o(z) = 17*z**3 - 6*z**2 + 8*z + 5. What are the prime factors of o(x)?
2, 7, 31
Let q(i) = -107*i + 399. List the prime factors of q(-17).
2, 1109
Let q = -2163 - -3987. List the prime factors of q.
2, 3, 19
Suppose 4*n = 28 + 8. Suppose n*v - 8*v = 14. Suppose -12*a = -v*a + 188. List the prime factors of a.
2, 47
Suppose -4297 = -3*d - 2*d + 4*f, 4*d - 3*f = 3437. Let t = -316 + d. What are the prime factors of t?
541
Suppose 842 = -7*f + 30. Suppose q - 4*l + 196 = 0, 0*q - 5*l - 151 = q. Let h = f - q. List the prime factors of h.
2, 3, 5
Let w(m) = m**2 - 18*m - 22. Let c be w(19). Let k(z) be the second derivative of z**4/12 - z**3 - 15*z**2/2 + z. List the prime factors of k(c).
2, 3
Let d be 2/3*(9/6 + 3). Suppose 1476 = 2*w - 3*p, 3672 = -2*w + 7*w - d*p. What are the prime factors of w?
2, 3, 61
Suppose 112*n + 5*s + 28 = 110*n, 5*n - s = -70. Let t(j) = 157*j**2 + 4*j + 3. Let k be t(-3). List the prime factors of (-3)/((-21)/(-2)) - k/n.
2, 5
Let o be (-15656)/(-48) + 10/12. Suppose -o = 9*q - 1218. List the prime factors of q.
3, 11
Suppose 4*d + 121 = -f, 3*d + f + 87 = -f. Let l = -6 - d. Suppose l = 5*z + 10. List the prime factors of z.
3
What are the prime factors of (49 - (2 + -3))*(-5 - -12 - -846)?
2, 5, 853
Suppose 78*d = 71*d + 21. Suppose -2*n + 326 = 2*f, -8*n = -5*f - d*n + 795. What are the prime factors of f?
7, 23
Let s = -3242 - -3765. What are the prime factors of s?
523
Let p = -190 + 1825. Suppose -3*l = 4*k - p, l + 96 = k - 304. What are the prime factors of k?
3, 5
Let v = -924 - -378. Let h be 0 - (4 - (0 - v)). Suppose d - 265 = -d + u, -h = -4*d - 2*u. What are the prime factors of d?
2, 67
Suppose 2*p + z = 30, 5*p + 5*z = 2*z + 75. What are the prime factors of (645 - -2) + p + -7?
5, 131
What are the prime factors of 19213 + (11 - 798/70)/(1/(-15))?
19219
Suppose -5*b = 3*v - 27045, -31*v - 36076 = -35*v - 4*b. List the prime factors of v.
5, 19
List the prime factors of ((-500928)/672)/((-2)/28).
2, 2609
Let x = 1525 - -1491. List the prime factors of x.
2, 13, 29
Suppose -13*d = -4*h - 8*d + 62353, -2 = 2*d. List the prime factors of h.
11, 13, 109
Let x(l) = 77*l + 356. Let m be x(40). Suppose 0 = 4*f - 4*w - m, f - 464 = -4*w + 385. What are the prime factors of f?
857
Suppose 3*s = 2*s + 2*s. Suppose 6*q - 645 - 759 = s. What are the prime factors of q?
2, 3, 13
Let c(k) = k**3 + 5*k**2 + 6*k - 23. Let r(b) = -1. Let w(m) = -c(m) - 3*r(m). List the prime factors of w(-9).
2, 101
Let v be (-2)/4*((-6)/3 + 720). Let d = v - -539. Suppose g - d = -53. List the prime factors of g.
127
Let y(b) be the second derivative of -b**3/3 + 7*b**2/2 + 2*b. Let l be y(3). List the prime factors of -4*(((-444)/16)/3 - l).
41
Suppose -82*f + 78*f - 4*z = -94072, -3*z = -4*f + 94072. What are the prime factors of f?
2, 11, 1069
Let o(y) = -39*y + 121. Let p be o(-17). Suppose 0 = 7*x - p - 1351. What are the prime factors of x?
5, 61
Let m(i) = 213*i + 29. Let h(u) = -29*u - 24. Let x be h(-1). What are the prime factors of m(x)?
2, 547
Suppose 11*t = 14*t - 12. Suppose 4*h = 3*n + 8, 3*n = -0*n - 12. What are the prime factors of (-3)/2*t*h/2?
3
Let r = 144 - 140. Let s = r + 47. What are the prime factors of s?
3, 17
Let i be (2/4)/(1478/7340 - (-12)/(-60)). Let k be ((-98)/5)/((-1)/10). Let m = i - k. List the prime factors of m.
3, 19
Suppose -5*k - 4*s - 2063 = 0, -1090 = 2*k - 5*s - 245. Let a = k + 710. Suppose -47 - a = -3*l. What are the prime factors of l?
2, 3, 19
Let x(h) = -h**2 + 48*h - 34. Let w(d) = -2*d - 5. Let v be w(-20). List the prime factors of x(v).
421
Let w(d) = 5*d**2 - 9*d + 21. List the prime factors of w(-22).
7, 13, 29
Let o = -23 + 30. Suppose -13*a + o*a = 54. Let x(c) = -c**3 - 8*c**2 + c - 9. List the prime factors of x(a).
3, 7
Let f = 48186 - 17153. List the prime factors of f.
31033
Let x be 2*-1 - 0 - (-17 - -96). Let b = x + 56. Let s(q) = -5*q + 16. List the prime factors of s(b).
3, 47
Let g(o) = 53*o**3 + o**2 + 3*o + 4. Let q be g(-2). Let k = q - -683. List the prime factors of k.
3, 29
Suppose 9*t = 5*t - 2*a + 32590, 6*a = -4*t + 32578. List the prime factors of t.
29, 281
Let m(o) = -6*o**3 - 18*o**2 - 35*o + 57. List the prime factors of m(-14).
97, 139
Suppose -366 = -3*k + 2*a + 2*a, 2*a - 510 = -4*k. Suppose 10*z - k = z. Let c(s) = -s**3 + 14*s**2 + 18*s + 4. List the prime factors of c(z).
2
Suppose -5*u + 104563 = 4*y, 0 = -2*y + u + 51963 + 294. What are the prime factors of y?
2, 47, 139
Let p = 29 + -29. Suppose p = -y + 1 + 177. Suppose -590 = -4*b + y. What are the prime factors of b?
2, 3
Suppose -34233 - 56517 = -23*g - 9376. List the prime factors of g.
2, 29, 61
Let z = 78 + -69. Suppose 0 = z*y - 2192 + 131. Let f = y + 22. What are the prime factors of f?
251
Suppose 0 = -127*h + 133*h - 2*k - 167646, -3*k + 55904 = 2*h. List the prime factors of h.
27943
Let a = -12974 + 33930. What are the prime factors of a?
2, 13, 31
Let l(g) = g + 3*g**3 - g**2 - 1 - 38*g - 2*g**3 + 8*g. What are the prime factors of l(9)?
2, 193
Let q(c) = c**3 - 137*c**2 + 564*c - 291. List the prime factors of q(135).
3, 23, 571
Suppose 99*h - 178643 = 524752. List the prime factors of h.
5, 7, 29
Let k(t) = 19*t**2 + 5*t - 9. Let w(d) = 37*d**2 + 11*d - 19. Let x(y) = 9*k(y) - 4*w(y). Suppose 6 + 14 = 10*m. List the prime factors of x(m).
89
Let n = -207 + 193. What are the prime factors of 3*(-3429)/(-21) - 2/n?
2, 5, 7
Suppose -232*q + 11414 = -19903 + 9045. What are the prime factors of q?
2, 3
Suppose 4 = -f, -3*n + 0*n - 3*f = -16662. Suppose -13*i - i + n = 0. What are the prime factors of i?
397
Let c = 54170 - 36995. List the prime factors of c.
3, 5, 229
Let l = -9503 + 11654. What are the prime factors of l?
3, 239
Let m = -20344 - -35709. List the prime factors of m.
5, 7, 439
Let t(x) = -5*x**3 + 4*x**3 + 0 - 4 - 17*x + 14*x**2. Let b be ((-1)/(-2))/(6/36) + 5. What are the prime factors of t(b)?
2, 61
Let w(y) = -3432*y + 10385. List the prime factors of w(-5).
5, 7, 787
Suppose -3*u - 83 = 5*z, 49 = -3*z - 11*u + 10*u. Suppose 0 = t + 2*y - 21, y - 6*y - 42 = -2*t. Let b = t + z. What are the prime factors of b?
5
Let p = -36765 - -53583. What are the prime factors of p?
2, 3, 2803
Let y(w) = w + 11. Let c be y(0). Let r(z) be the second derivative of z**5/20 - 3*z**4/4 - 8*z**3/3 + 3*z**2 + 5*z. What are the prime factors of r(c)?
2, 3
Let c be 5 + (-5 - (5 + 11)). List the prime factors of (-54)/((-5)/30 - c/(-12)).
2, 3
Suppose 3*u = -3, 116*t - 118*t - 3*u + 4725 = 0. What are the prime factors of t?
2, 3, 197
Let z = 10483 + -3175. Suppose -22*p = -15*p - z. What are the prime factors of p?
2, 3, 29
Let b = 519 - 509. Suppose -3*z - b*z + 2340 = 0. List the prime factors of z.
2, 3, 5
Suppose 2*j = -2*v - 4, -16*j = 3*v - 17*j + 26. Let a(k) = -204*k - 171. What are the prime factors of a(v)?
3, 419
Suppose -4*q = 4*u - 20, -2*u + 4*u - 9 = -q. Suppose u*v = 0, -4250